 177*m + 7634. Give h(-66).
308
Let m(l) = 7*l**3 - 9*l**2 - 887*l - 6757. Give m(-8).
-3821
Let i(a) = 5*a**3 + 393*a**2 - 3921*a - 217. Determine i(9).
-28
Let u(l) = 4*l**3 + 586*l**2 + 1445*l - 162. What is u(-144)?
-882
Let x(r) = 10*r**3 - 1891*r**2 + 3749*r - 5. Calculate x(2).
9
Let d(p) = 826*p**2 - 18183*p + 69. Give d(22).
-173
Let v(k) = k**3 + 8*k**2 - 113*k + 162. Calculate v(-17).
-518
Let k(g) = 7546*g + 174092. What is k(-23)?
534
Let l(d) = -d**3 + 2*d**2 - 8999*d - 36. Determine l(0).
-36
Let p(m) = m**3 - 152*m**2 - 1115*m - 299. Calculate p(159).
-617
Let j(t) = -t**3 - 24*t**2 + 138*t - 2347. Calculate j(-31).
102
Let y(a) = 2*a**2 - 257*a - 1533. Calculate y(-6).
81
Let k(z) = -59*z + 1705. What is k(10)?
1115
Let k(w) = w**2 - 86*w + 667. Determine k(44).
-1181
Let k(r) = -r**3 + 370*r**2 + 2001*r + 628. Calculate k(-5).
-2
Let t(k) = -k**3 - 9*k**2 - 151*k + 310. What is t(2)?
-36
Let h(u) = 257*u + 3937. Calculate h(-13).
596
Let t(p) = 71287*p + 71126. Calculate t(-1).
-161
Let g(j) = -947*j - 1949. What is g(-2)?
-55
Let s(q) = -1384*q - 164115. Calculate s(-118).
-803
Let u(z) = 23*z**2 + 40*z + 180. Calculate u(-4).
388
Let i(o) = 15*o**2 - 7472*o + 758985. Calculate i(356).
-7
Let x(f) = 158764*f - 10002196. Give x(63).
-64
Let n(a) = -a**2 - 13994*a + 42009. Determine n(3).
18
Let l(f) = 44288*f + 43716. Calculate l(-1).
-572
Let h(m) = -12701*m**2 + 228622*m - 82. Give h(18).
-10
Let a(l) = 469*l**3 + l**2 + 274*l + 273. Calculate a(-1).
-469
Let s(k) = 4471*k - 9134. What is s(2)?
-192
Let p(t) = 127*t - 2084. What is p(15)?
-179
Let v(y) = y**2 + 92*y + 745. Calculate v(-81).
-146
Let s(v) = -14*v**2 + 128*v - 201. Give s(6).
63
Let o(h) = -h**3 - 126*h**2 - 255*h - 436. Calculate o(-124).
432
Let l(i) = -i**3 + 30*i**2 + 110*i - 366. What is l(33)?
-3
Let p(x) = -38*x**2 + 347*x + 998. Calculate p(17).
-4085
Let a(j) = 2*j**3 + 1225*j**2 + 23703*j + 75. Calculate a(-20).
15
Let v(g) = -2676*g + 16055. Calculate v(6).
-1
Let w(n) = n**3 - 66*n**2 + 1231*n - 75939. Give w(65).
-149
Let z(t) = -3*t**3 - 2*t**2 + 367*t + 1404. Determine z(-4).
96
Let i(h) = h**3 - 27*h**2 + 17*h - 2260. Determine i(29).
-85
Let w(t) = 791267*t + 16616592. Give w(-21).
-15
Let x(h) = -4*h**3 + 76*h**2 + 28*h + 20. Calculate x(16).
3540
Let u(a) = -a**2 - 278*a + 12422. What is u(39)?
59
Let n(q) = -2*q**3 - 22*q**2 + 309*q + 10. What is n(8)?
50
Let d(l) = 3*l**2 + 269*l + 1368. Calculate d(-6).
-138
Let m(o) = -2*o**3 - 79*o**2 + 23097*o + 778. Give m(-129).
4
Let m(q) = 7*q**3 + 1990*q**2 + 663*q + 26963. Determine m(-284).
-17
Let l(p) = 1411*p + 13944. What is l(-11)?
-1577
Let i(b) = -76418*b + 611356. What is i(8)?
12
Let a(o) = 54*o + 1761. Give a(-41).
-453
Let d(x) = 6*x**3 - 278*x**2 - 2478*x - 331. What is d(54)?
-7
Let x(g) = -2*g**3 + 1587*g**2 - 912*g + 94364. Calculate x(793).
-3
Let b(h) = 154*h**2 - 5381*h - 330. Give b(35).
-15
Let n(b) = -b**3 + 90*b**2 + 2056*b + 1603. Calculate n(109).
-32
Let d(u) = 4612*u + 793254. Calculate d(-172).
-10
Let v(f) = 2*f**2 - 484352*f + 968693. Determine v(2).
-3
Let p(x) = -x**3 - 92*x**2 + 194*x + 348. Calculate p(-94).
-216
Let g(r) = -5*r**2 + 581*r - 2547. Calculate g(111).
339
Let l(b) = 28*b**2 - 302*b + 740. What is l(7)?
-2
Let n(y) = -y**3 + 7*y**2 - 204*y + 2720. Give n(11).
-8
Let p(j) = 4228*j + 4138. Calculate p(-1).
-90
Let a(h) = 5*h**2 - 510*h - 18076. Determine a(-28).
124
Let z(i) = i**2 + 23*i - 3786. Calculate z(-75).
114
Let d(i) = -5*i**2 + 83*i - 936. Give d(10).
-606
Let s(u) = 31400*u - 63266. Determine s(2).
-466
Let s(v) = 2214*v + 90875. What is s(-41)?
101
Let t(c) = -376524*c + 1506153. Calculate t(4).
57
Let f(k) = 78968*k + 3632507. What is f(-46)?
-21
Let c(k) = 202*k - 3438. Calculate c(14).
-610
Let i(n) = 2*n**2 + 3824*n - 11487. Give i(3).
3
Let c(j) = -j**3 + 73*j**2 - 98*j + 7138. Determine c(73).
-16
Let c(h) = 298*h + 2290. Calculate c(-7).
204
Let q(z) = 273*z**2 + 30586*z + 1126. What is q(-112)?
6
Let i(b) = 123489*b + 493938. Give i(-4).
-18
Let w(o) = -o**3 - 205*o**2 + 238*o - 36414. Determine w(-207).
18
Let q(k) = -3*k**3 + 138*k**2 + 3*k + 22. Give q(46).
160
Let g(v) = -94*v**2 + 3962*v - 486. What is g(42)?
102
Let f(t) = -t**2 - 8*t + 2994. What is f(48)?
306
Let i(g) = g**3 - 116*g**2 - 465*g - 2472. Calculate i(120).
-672
Let o(k) = -k**2 + 49*k + 1024. Give o(59).
434
Let b(v) = v**3 + 40*v**2 - 771*v - 776. Calculate b(-54).
34
Let t(i) = 53*i**2 - 67*i - 312. Give t(-2).
34
Let f(y) = -7*y**3 + 7*y**2 + 220*y + 730. Calculate f(-4).
410
Let b(w) = w**3 - 4*w**2 - 431*w + 1789. Determine b(4).
65
Let g(i) = 1264*i + 16542. Calculate g(-13).
110
Let n(m) = 892*m**2 + 104368*m + 512. Give n(-117).
44
Let w(h) = -h**3 - 113*h**2 + 1224*h - 809. Calculate w(-123).
-71
Let v(o) = -2704*o - 17169. Give v(-6).
-945
Let y(h) = 2*h**3 - 39*h**2 + 113*h - 14. What is y(10)?
-784
Let q(r) = -1161*r**2 - 1180*r + 2. Calculate q(-1).
21
Let n(y) = -6*y**2 + 124*y + 4736. Give n(-23).
-1290
Let q(c) = -c**2 + 60*c + 2995. Give q(-36).
-461
Let l(v) = -v**2 - 314*v + 11844. Calculate l(34).
12
Let d(f) = f**3 + 66*f**2 + 295*f - 835. Determine d(-61).
-225
Let m(l) = l**3 + 173*l**2 - 4854*l - 109979. Calculate m(-195).
1
Let p(q) = -q**3 + 671*q**2 + 12366*q - 633. Calculate p(-18).
15
Let h(y) = -229*y - 45688. Give h(-198).
-346
Let o(d) = 1158*d + 224597. Determine o(-194).
-55
Let y(i) = -i**3 - 3*i**2 + 278*i + 97. What is y(-18)?
-47
Let k(n) = 454*n + 40736. Calculate k(-95).
-2394
Let m(k) = -k**2 + 4079*k + 717912. Calculate m(-169).
0
Let g(k) = -11*k**2 + 682*k - 1299. What is g(60)?
21
Let a(s) = 4868*s + 9563. What is a(-2)?
-173
Let v(t) = 2536*t - 986. Determine v(2).
4086
Let s(f) = -887*f + 82500. Give s(93).
9
Let g(r) = 9*r**3 + 498*r**2 + 108*r + 346. What is g(-55)?
3481
Let s(n) = -303*n**2 - 726588*n + 14395. Calculate s(-2398).
7
Let j(d) = 7*d**2 - 7761*d - 94314. Give j(-12).
-174
Let x(g) = 113*g + 4658. What is x(-33)?
929
Let q(b) = -9*b**3 - 416*b**2 - 89*b + 118. Give q(-46).
-20
Let u(g) = -2*g**3 - 90*g**2 + 5604*g + 278. Determine u(-80).
-42
Let i(g) = 3976*g - 2059567. Give i(518).
1
Let y(a) = 3*a**3 + 4*a**2 - 7322*a + 14613. What is y(2)?
9
Let c(w) = 76*w**2 + 144*w - 58. Give c(4).
1734
Let v(g) = -58111*g - 174265. Calculate v(-3).
68
Let u(q) = q**2 + 1117*q - 133701. Calculate u(109).
-67
Let g(w) = -w**3 + 22*w**2 + 239*w - 4934. Determine g(24).
-350
Let u(s) = s**3 + 278*s**2 - 3472*s + 2283. Determine u(-290).
-37
Let s(g) = -7*g**3 - 44*g**2 + 43*g + 434. Give s(-5).
-6
Let q(m) = 6538*m - 2400. Determine q(0).
-2400
Let l(x) = 4*x**2 - 4*x - 5287. Give l(45).
2633
Let z(b) = 1466*b + 9263. Determine z(-6).
467
Let g(r) = -4*r**3 - 18*r**2 + 312*r - 619. What is g(5)?
-9
Let i(n) = -11*n**2 + 584*n - 6984. Calculate i(19).
141
Let z(q) = 1326*q - 212146. Calculate z(160).
14
Let z(x) = -x**2 - 1509*x - 567728. Determine z(-716).
60
Let z(i) = -i**2 - 6110*i - 1621296. Calculate z(-278).
0
Let i(l) = 153472*l + 1534727. Calculate i(-10).
7
Let t(f) = f**2 - 1942*f - 31466. Calculate t(-16).
-138
Let c(l) = 2*l**2 - 206*l - 147609. What is c(-225)?
-9
Let a(u) = -366*u + 9234. Calculate a(24).
450
Let f(q) = 18*q**2 - 125*q - 149. Determine f(7).
-142
Let u(p) = -4*p**2 - 252*p - 426. What is u(-58)?
734
Let n(z) = -445*z + 27738. Give n(64).
-742
Let f(u) = -18378*u - 7259302. What is f(-395)?
8
Let h(c) = -36*c**2 + 954*c + 6695. What is h(-7)?
-1747
Let p(f) = 137*f**3 - 4158*f**2 + 1442*f - 66. Give p(30).
-6
Let r(v) = -29*v**2 + 30*v - 767. Give r(0).
-767
Let l(q) = 22*q**2 + 2022*q - 17729. What is l(-100)?
71
Let o(k) = -11349*k - 5107060. Determine o(-450).
-10
Let w(p) = -584*p + 132482. Determine w(227).
-86
Let l(z) = -22*z**2 + 4554*z - 2365. What is l(206)?
2167
Let u(g) = g**3 - 19*g**2 - 9646*g - 128570. Determine u(-14).
6
Let m(s) = -2864*s - 22747. Give m(-8).
165
Let a(o) = 2*o**2 + 664*o - 95033. Calculate a(108).
7
Let i(v) = -729*v - 13582. Calculate i(-20).
998
Let h(l) = -3070*l**2 - 2870*l - 3. Determine h(-1).
-203
Let d(p) = p**3 + 23*p**2 + 163*p + 217. Give d(-13).
-212
Let x(t) = 2*t**3 - 727*t**2 - 1837*t + 2503. Determine x(366).
-59
Let k(r) = -r*